usands digit of 1846?
1
What is the thousands digit of 1976?
1
What is the units digit of 3865?
5
What is the units digit of 3865?
5
What is the thousands digit of 2332?
2
What is the hundreds digit of 7128?
1
What is the thousands digit of 95470?
5
What is the hundreds digit of 37688?
6
What is the thousands digit of 2120?
2
What is the hundreds digit of 7759?
7
What is the tens digit of 1006?
0
What is the units digit of 88?
8
What is the units digit of 33993?
3
What is the hundreds digit of 165?
1
What is the units digit of 1766?
6
What is the units digit of 1627?
7
What is the hundred thousands digit of 102354?
1
What is the hundreds digit of 8366?
3
What is the tens digit of 36?
3
What is the thousands digit of 2708?
2
What is the hundreds digit of 8474?
4
What is the units digit of 4866?
6
What is the ten thousands digit of 36887?
3
What is the units digit of 1444?
4
What is the hundreds digit of 5003?
0
What is the hundreds digit of 1858?
8
What is the units digit of 33153?
3
What is the hundreds digit of 42742?
7
What is the hundreds digit of 3620?
6
What is the hundreds digit of 1847?
8
What is the thousands digit of 16165?
6
What is the units digit of 68802?
2
What is the units digit of 3515?
5
What is the units digit of 961?
1
What is the units digit of 502?
2
What is the thousands digit of 1270?
1
What is the hundreds digit of 976?
9
What is the units digit of 3205?
5
What is the thousands digit of 23071?
3
What is the thousands digit of 16381?
6
What is the units digit of 16514?
4
What is the tens digit of 879?
7
What is the hundreds digit of 9175?
1
What is the units digit of 10493?
3
What is the thousands digit of 5072?
5
What is the tens digit of 2278?
7
What is the tens digit of 549?
4
What is the thousands digit of 6821?
6
What is the units digit of 676?
6
What is the hundreds digit of 2224?
2
What is the tens digit of 1167?
6
What is the units digit of 5030?
0
What is the thousands digit of 57074?
7
What is the tens digit of 5300?
0
What is the units digit of 4971?
1
What is the units digit of 12239?
9
What is the units digit of 11855?
5
What is the thousands digit of 29649?
9
What is the units digit of 7383?
3
What is the thousands digit of 5025?
5
What is the tens digit of 2797?
9
What is the units digit of 48919?
9
What is the ten thousands digit of 60847?
6
What is the units digit of 27999?
9
What is the tens digit of 2137?
3
What is the units digit of 435?
5
What is the tens digit of 41106?
0
What is the thousands digit of 2162?
2
What is the units digit of 1438?
8
What is the tens digit of 3996?
9
What is the hundreds digit of 30945?
9
What is the units digit of 969?
9
What is the units digit of 12091?
1
What is the hundreds digit of 10972?
9
What is the tens digit of 196?
9
What is the tens digit of 1130?
3
What is the hundreds digit of 4172?
1
What is the units digit of 960?
0
What is the units digit of 5750?
0
What is the tens digit of 81?
8
What is the units digit of 811?
1
What is the ten thousands digit of 31423?
3
What is the hundreds digit of 49754?
7
What is the thousands digit of 32298?
2
What is the tens digit of 2920?
2
What is the hundreds digit of 20401?
4
What is the thousands digit of 1243?
1
What is the ten thousands digit of 75668?
7
What is the hundreds digit of 5502?
5
What is the thousands digit of 2119?
2
What is the ten thousands digit of 17861?
1
What is the tens digit of 1838?
3
What is the hundreds digit of 4085?
0
What is the units digit of 4112?
2
What is the hundreds digit of 22397?
3
What is the ten thousands digit of 19329?
1
What is the thousands digit of 17908?
7
What is the hundreds digit of 454?
4
What is the hundreds digit of 19214?
2
What is the tens digit of 5273?
7
What is the units digit of 1108?
8
What is the units digit of 36408?
8
What is the hundreds digit of 550?
5
What is the hundreds digit of 2027?
0
What is the hundreds digit of 497?
4
What is the thousands digit of 4315?
4
What is the units digit of 50318?
8
What is the tens digit of 1203?
0
What is the hundreds digit of 552?
5
What is the thousands digit of 100026?
0
What is the thousands digit of 8216?
8
What is the hundreds digit of 2202?
2
What is the units digit of 12352?
2
What is the units digit of 36337?
7
What is the thousands digit of 3211?
3
What is the thousands digit of 5760?
5
What is the tens digit of 405?
0
What is the hundreds digit of 531?
5
What is the hundreds digit of 4280?
2
What is the thousands digit of 14673?
4
What is the thousands digit of 85893?
5
What is the units digit of 818?
8
What is the tens digit of 499?
9
What is the hundreds digit of 2237?
2
What is the hundreds digit of 567?
5
What is the hundreds digit of 708?
7
What is the tens digit of 2184?
8
What is the units digit of 1196?
6
What is the thousands digit of 24757?
4
What is the hundreds digit of 7963?
9
What is the units digit of 12356?
6
What is the thousands digit of 4760?
4
What is the tens digit of 20878?
7
What is the units digit of 1083?
3
What is the hundreds digit of 4328?
3
What is the tens digit of 2065?
6
What is the tens digit of 1962?
6
What is the hundreds digit of 32976?
9
What is the ten thousands digit of 65701?
6
What is the units digit of 913?
3
What is the hundreds digit of 3722?
7
What is the hundreds digit of 13540?
5
What is the hundreds digit of 908?
9
What is the hundreds digit of 2584?
5
What is the units digit of 106047?
7
What is the units digit of 14264?
4
What is the thousands digit of 18384?
8
What is the tens digit of 19427?
2
What is the units digit of 95787?
7
What is the units digit of 6568?
8
What is the hundreds digit of 8840?
8
What is the hundreds digit of 7670?
6
What is the hundreds digit of 9196?
1
What is the tens digit of 6803?
0
What is the tens digit of 94805?
0
What is the hundred thousands digit of 120314?
1
What is the tens digit of 21046?
4
What is the hundreds digit of 8095?
0
What is the ten thousands digit of 12665?
1
What is the hundreds digit of 16534?
5
What is the tens digit of 6005?
0
What is the tens digit of 5471?
7
What is the units digit of 197?
7
What is the tens digit of 19797?
9
What is the thousands digit of 3029?
3
What is the units digit of 1203?
3
What is the units digit of 16648?
8
What is the tens digit of 179?
7
What is the thousands digit of 104688?
4
What is the tens digit of 1496?
9
What is the tens digit of 758?
5
What is the tens digit of 7612?
1
What is the units digit of 265?
5
What is the units digit of 51670?
0
What is the tens digit of 2957?
5
What is the hundreds digit of 22124?
1
What is the units digit of 5945?
5
What is the thousands digit of 9108?
9
What is the tens digit of 3874?
7
What is the hundreds digit of 3755?
7
What is the tens digit of 1110?
1
What is the ten thousands digit of 12714?
1
What is the tens digit of 5876?
7
What is the tens digit of 9735?
3
What is the tens digit of 1246?
4
What is the hundreds digit of 185?
1
What is the units digit of 174?
4
What is the thousands digit of 9257?
9
What is the tens digit of 9646?
4
What is the units digit of 174009?
9
What is the thousands digit of 7512?
7
What is the units digit of 670?
0
What is the units digit of 1551?
1
What is the hundreds digit of 1604?
6
What is the units digit of 272?
2
What is the ten thousands digit of 14334?
1
What is the thousands digit of 48664?
8
What is the thousands digit of 1832?
1
What is the hundreds digit of 16839?
8
What is the hundreds digit of 2932?
9
What is the hundreds digit of 67877?
8
What is the hundreds digit of 176978?
9
What is the tens digit of 3740?
4
What is the thousands digit of 6406?
6
What is the tens digit of 408?
0
What is the ten thousands digit of 130305?
3
What is the units digit of 13804?
4
What is the tens digit of 1666?
6
What is the hundreds digit of 46745?
7
What is the hundreds digit of 85733?
7
What is the ten thousands digit of 131109?
3
What is the units digit of 472?
2
What is the tens digit of 2686?
8
What is the ten thousands digit of 109461?
0
What is the tens digit of 3889?
8
What is the hundreds digit of 4517?
5
What is the ten thousands digit of 18529?
1
What is the units digit of 47831?
1
What is the hundreds digit of 654?
6
What is the hundreds digit of 3305?
3
What is the tens digit of 5663?
6
What is the